Ferny Grove weather

Approx. Latitude S 27 23' 52"   Longitude E 152  55'  35"  Elevation 76 m

This page shows monthly and annual NOAA style reports since recordings using the Cumulus software started in October 2011.

NOAA-style Climate Reports NOAA style reports
Select a Year or Month report

Report for 2018 Jul
                   Monthly Climatological Summary for Jul 2018

Name: Ferny Grove   City: Brisbane   State: Queensland
Elevation: 76 m  Lat: S 27° 23' 52"   Lon: E 152° 55' 35"

                  Temperature (°C), Rain (mm), Wind Speed (km/h)

                                      Heat  Cool        Avg
    Mean                              Deg   Deg         Wind                 Dom
Day Temp  High   Time   Low    Time   Days  Days  Rain  Speed High   Time    Dir
----------------------------------------------------------------------------------
 1  18.4  22.1   1:26p  15.5   3:00a   0.7   0.0   0.0   0.2  13.0   9:09a   WSW
 2  19.1  24.6  12:45p  15.4   4:55a   0.8   0.0   0.0   0.8  16.8   9:25a   WSW
 3  17.9  24.0   1:20p  13.1   4:40a   1.5   0.0   0.0   4.5  33.7  12:07p   WSW
 4  18.6  24.6   1:50p  14.9   5:13a   1.2   0.0   0.0   2.1  23.3   3:05p   WSW
 5  18.7  21.9  12:45p  16.6   4:03a   0.4   0.0   5.7   0.5  23.3  12:35p   WSW
 6  20.3  24.1  12:00p  18.1   6:27a   0.0   0.0   3.6   2.0  23.3   6:01a   WSW
 7  19.6  23.8   2:41p  14.8  11:47p   0.3   0.0   0.0   4.4  58.3   8:51p   WSW
 8  15.3  20.6   1:40p  10.5   6:53a   3.1   0.0   0.0   7.1  45.4   1:53a   WSW
 9  14.5  21.6  12:45p   8.9   7:07a   4.2   0.0   0.0   1.1  19.4   9:00a   WSW
10  14.5  22.4   1:25p   8.4   6:25a   4.4   0.0   0.0   1.5  31.1  11:15a   WSW
11  15.0  21.2  11:15a  10.2   6:05a   3.5   0.0   7.3   1.0  16.8   9:15a   WSW
12  16.2  22.4   2:20p  12.6  11:43p   2.3   0.0   1.0   0.8  20.7   2:05p   WSW
13  15.1  21.7   2:05p   8.9  11:58p   3.8   0.0   0.0   1.4  19.4  11:50a   WSW
14  13.0  21.3   1:23p   6.4   6:36a   5.6   0.0   0.0   0.8  20.7   3:14p   WSW
15  13.0  21.4   1:32p   5.3   6:39a   5.7   0.0   0.0   1.1  27.2   2:26p   WSW
16  14.8  22.9   1:50p   7.9   6:19a   4.3   0.0   0.0   0.9  35.0  10:30a   WSW
17  14.0  23.7   1:35p   5.8   6:45a   5.3   0.0   0.0   0.4  20.7  10:55a   WSW
----------------------------------------------------------------------------------
    16.4  24.6     2     5.3    15    47.1   0.0  17.6   1.8  58.3     7     WSW

Max >=  30.0:  0
Max <=  25.0: 17
Min <=  10.0:  7
Min <=   5.0:  0
Max Rain: 7.3 on day 11
Days of Rain: 4 (>= 0.5 mm)  3 (>= 2.0 mm)  0 (>= 20.0 mm)
Heat Base: 18.0  Cool Base: 24.0  Method: Integration
:now::gauges::today/yesterday::this month/year::records::monthly records::recent trends::reports::about::::manual monthly data::manual records:forum::


Page updated 18/07/2018 7:43:37 AM
powered by Cumulus v1.9.4 (1099)

View Stats