Ferny Grove weather

Approx. Latitude S 27 23' 52"   Longitude E 152  55'  35"  Elevation 76 m

This page shows monthly and annual NOAA style reports since recordings using the Cumulus software started in October 2011.

NOAA-style Climate Reports NOAA style reports

Report for 2018 Nov
                   Monthly Climatological Summary for Nov 2018

Name: Ferny Grove   City: Brisbane   State: Queensland
Elevation: 76 m  Lat: S 27° 23' 52"   Lon: E 152° 55' 35"

                  Temperature (°C), Rain (mm), Wind Speed (km/h)

                                      Heat  Cool        Avg
    Mean                              Deg   Deg         Wind                 Dom
Day Temp  High   Time   Low    Time   Days  Days  Rain  Speed High   Time    Dir
----------------------------------------------------------------------------------
 1  21.5  28.8  12:25p  14.7   5:05a   0.7   1.1   0.0   2.9  25.0   4:16p   ENE
 2  22.3  28.4  12:30p  16.6  12:51a   0.1   1.0   0.0   4.7  27.0   4:25p    NE
 3  23.8  34.1   3:09p  14.9   5:18a   0.5   2.5   0.0   2.8  21.0   8:16a   NNE
 4  25.0  34.1  11:35a  17.2   5:06a   0.1   2.8   0.0   2.3  18.0  12:07p     E
 5  25.9  33.4  12:00p  19.6   4:20a   0.0   2.9   0.0   2.0  20.0   1:33p   ESE
 6  27.3  34.4   1:45p  22.0   3:41a   0.0   3.6   0.0   2.4  21.0   2:00p    NE
 7  26.9  34.3  12:15p  21.6   4:29a   0.0   3.4   0.0   5.0  27.0   4:20p    NE
 8  21.4  25.6   4:30p  15.8  11:51p   0.1   0.1   0.0   4.0  30.0   9:30a     W
 9  19.2  24.3   1:50p  13.8  11:51p   1.0   0.0   0.0   4.2  25.0   9:10a   SSE
10  20.0  27.4   1:54p  12.6   4:45a   1.4   0.5   0.0   3.2  20.0   3:26p   ESE
11  21.5  27.4   2:02p  15.2   1:43a   0.6   0.8   0.0   4.0  23.0  12:30p    SE
12  21.1  28.1   2:00p  14.7   4:26a   0.6   0.7   0.0   4.7  25.0   3:54p   SSE
13  20.9  26.7  11:20a  15.3   5:16a   0.5   0.5   0.0   3.6  29.0  12:32p    SE
14  21.9  28.7  12:05p  15.2   4:03a   0.5   1.0   0.0   3.7  23.0  11:29a   ENE
15  23.9  30.5   1:15p  18.8   4:19a   0.0   1.6   0.0   4.0  20.0  12:45p    NE
16  23.7  30.3   1:20p  17.8   4:56a   0.0   1.6   0.0   3.3  21.0   1:25p   ENE
17  22.8  30.3  11:45a  17.8   4:50a   0.0   1.3   1.8   3.7  30.0   7:13p     E
18  21.2  24.8  12:08p  16.8   4:51a   0.1   0.1   0.2   5.3  26.0   1:00p   SSE
19  21.5  27.2   1:50p  16.8   5:07a   0.1   0.4   0.0   3.5  27.0   4:35p    SE
----------------------------------------------------------------------------------
    22.7  34.4     6    12.6    10     6.3  25.9   2.0   3.6  30.0     8       E

Max >=  30.0:  8
Max <=  25.0:  2
Min <=  10.0:  0
Min <=   5.0:  0
Max Rain: 1.8 on day 17
Days of Rain: 1 (>= 0.5 mm)  0 (>= 2.0 mm)  0 (>= 20.0 mm)
Heat Base: 18.0  Cool Base: 24.0  Method: Integration
:now::gauges::today/yesterday::this month/year::records::monthly records::recent trends::reports::about::::manual monthly data::manual records:forum::


Page updated 20/11/2018 5:45:01 AM
powered by Cumulus v1.9.4 (1099)

View Stats