Ferny Grove weather

Approx. Latitude S 27 23' 52"   Longitude E 152  55'  35"  Elevation 76 m

This page shows monthly and annual NOAA style reports since recordings using the Cumulus software started in October 2011.

NOAA-style Climate Reports NOAA style reports

Report for 2018 Sep
                   Monthly Climatological Summary for Sep 2018

Name: Ferny Grove   City: Brisbane   State: Queensland
Elevation: 76 m  Lat: S 27° 23' 52"   Lon: E 152° 55' 35"

                  Temperature (°C), Rain (mm), Wind Speed (km/h)

                                      Heat  Cool        Avg
    Mean                              Deg   Deg         Wind                 Dom
Day Temp  High   Time   Low    Time   Days  Days  Rain  Speed High   Time    Dir
----------------------------------------------------------------------------------
 1  20.7  27.1   1:23p  14.4   4:20a   0.5   0.5   0.0   5.6  41.5  10:00a   WSW
 2  19.4  27.4   1:37p  11.7   6:33a   1.4   0.5   0.0   2.0  38.9   9:37a   WSW
 3  15.5  20.4  10:35a  12.5   5:49a   2.8   0.0   1.5   2.1  32.4   9:10a   WSW
 4  15.9  21.3   1:56p  12.2   4:24a   2.6   0.0   4.7   3.2  44.1   2:15p   WSW
 5  16.1  21.4   2:40p  12.8   2:36a   2.3   0.0   1.0   1.6  33.7  11:36a   WSW
 6  17.3  22.6   1:55p  13.3   2:31a   1.9   0.0   0.0   1.4  25.9  11:05a   WSW
 7  18.8  24.6   2:10p  12.7   6:15a   1.4   0.0   0.0   2.9  44.1   3:00p   WSW
 8  19.2  23.8  12:33p  16.4  11:50p   0.3   0.0  10.4   0.9  60.9   7:28a     W
 9  19.0  26.9   1:24p  13.0   6:31a   1.6   0.5   0.0   1.4  46.7   9:24a   WSW
10  18.2  26.3   1:16p  11.8   6:19a   2.1   0.2   0.0   1.2  24.6  10:19a   WSW
11  18.1  25.3   1:25p  11.4   5:56a   1.9   0.1   0.0   1.5  37.6   9:35a   WSW
12  17.9  24.9   1:05p  13.3   6:15a   2.0   0.0   0.0   0.8  20.7   5:05p   WSW
13  19.4  26.8  11:51a  13.0   6:19a   1.4   0.4   0.0   3.3  44.1   2:26p   WSW
14  19.8  26.5   1:00p  14.2   5:46a   0.9   0.4   0.0   1.2  24.6  11:15a   WSW
15  20.6  28.5  12:47p  14.1   5:49a   0.9   0.8   0.0   2.1  37.6   6:44p   WSW
16  20.1  28.9  12:33p  14.9   6:06a   0.8   0.7   0.0   2.1  45.4   8:26p   WSW
17  18.0  24.2  11:50a  13.3   4:55a   1.7   0.0   0.0   2.7  28.5   7:22a   WSW
18  17.4  23.5   2:00p  12.3   5:52a   2.2   0.0   0.0   1.3  22.0   3:35p   WSW
19  19.4  26.4  12:10p  12.5   5:35a   1.5   0.3   0.0   2.3  68.7   2:00p   WSW
20  20.7  30.8  12:30p  14.9   5:49a   0.8   1.0   0.0   1.4  24.6  10:20a   WSW
21  18.6  24.7  12:45p  13.1   5:29a   1.5   0.1   0.0   3.1  44.1   5:35p   WSW
22  18.4  25.1  11:08a  12.2   5:08a   1.8   0.1   0.0   1.4  28.5   3:12p   WSW
23  19.4  27.2  12:09p  13.2   6:01a   1.4   0.5   0.0   1.5  35.0   5:13p   WSW
24  19.2  26.1   1:20p  14.5   6:06a   0.9   0.2   0.0   2.5  35.0   6:05p   WSW
----------------------------------------------------------------------------------
    18.6  30.8    20    11.4    11    36.6   6.3  17.6   2.0  68.7    19     WSW

Max >=  30.0:  1
Max <=  25.0: 10
Min <=  10.0:  0
Min <=   5.0:  0
Max Rain: 10.4 on day 8
Days of Rain: 4 (>= 0.5 mm)  2 (>= 2.0 mm)  0 (>= 20.0 mm)
Heat Base: 18.0  Cool Base: 24.0  Method: Integration
:now::gauges::today/yesterday::this month/year::records::monthly records::recent trends::reports::about::::manual monthly data::manual records:forum::


Page updated 25/09/2018 1:15:01 AM
powered by Cumulus v1.9.4 (1099)

View Stats