Ferny Grove weather

Approx. Latitude S 27 23' 52"   Longitude E 152  55'  35"  Elevation 76 m

This page shows monthly and annual NOAA style reports since recordings using the Cumulus software started in October 2011.

NOAA-style Climate Reports NOAA style reports
Select a Year or Month report

Report for 2018 Apr
                   Monthly Climatological Summary for Apr 2018

Name: Ferny Grove   City: Brisbane   State: Queensland
Elevation: 76 m  Lat: S 27° 23' 52"   Lon: E 152° 55' 35"

                  Temperature (°C), Rain (mm), Wind Speed (km/h)

                                      Heat  Cool        Avg
    Mean                              Deg   Deg         Wind                 Dom
Day Temp  High   Time   Low    Time   Days  Days  Rain  Speed High   Time    Dir
----------------------------------------------------------------------------------
 1  24.7  29.3   1:10p  21.0   6:15a   0.0   1.5   1.0   1.2  27.2  12:42p   WSW
 2  25.1  29.8   1:34p  21.6   5:40a   0.0   1.8   0.0   0.8  18.1  12:49p   WSW
 3  24.0  27.8   2:48p  20.9   6:20a   0.0   0.9   2.1   2.2  31.1   2:36p   WSW
 4  22.2  24.7   3:11p  20.4   6:00a   0.0   0.0   9.3   4.0  51.8   1:25a   WSW
 5  22.7  28.1  12:00p  19.0   6:10a   0.0   0.8   1.0   2.4  40.2  10:38a   WSW
 6  23.0  29.1   1:13p  18.6   5:40a   0.0   1.1   0.5   2.6  38.9  11:35a   WSW
 7  23.3  28.9  11:36a  19.4   5:55a   0.0   1.2   1.6   2.0  41.5   4:47p   WSW
 8  22.3  27.4  10:46a  18.6   5:00a   0.0   0.7   0.0   1.1  37.6  11:31a   WSW
 9  23.1  30.3   1:34p  17.8   5:50a   0.0   1.6   0.0   0.4  23.3   4:04p   WSW
10  23.3  30.3   2:14p  16.9   5:55a   0.1   1.6   0.0   2.9  37.6   4:42p   WSW
11  22.7  27.3  12:28p  18.8  10:45p   0.0   0.7   0.5   2.3  55.7  11:52a   WSW
12  22.2  27.0  12:05p  18.8  12:15a   0.0   0.5   0.0   0.9  36.3  12:30p   WSW
13  22.8  28.4  12:40p  18.4   5:20a   0.0   1.0   0.0   0.8  22.0   1:25p   WSW
14  22.6  26.9   2:44p  19.0   6:25a   0.0   0.5   0.0   0.4  18.1   5:42p   WSW
15  24.8  33.1   2:05p  18.4   5:50a   0.0   2.6   0.0   0.5  15.6  10:48a   WSW
16  23.5  32.1   2:00p  15.8   6:25a   0.3   2.3   0.0   0.9  20.7  12:50p   WSW
17  23.7  31.5  12:35p  16.4   6:50a   0.2   2.1   0.0   1.7  49.2   9:35p   WSW
18  21.2  23.9   3:20p  18.6  11:55p   0.0   0.0   7.8   1.4  20.7   5:45p   WSW
19  21.9  26.6  12:05p  18.4   1:30a   0.0   0.5   0.5   1.2  35.0   1:15p   WSW
20  21.5  28.9  12:00p  18.8   4:35a   0.0   0.5   9.3   0.7  16.8  12:50p   WSW
21  20.7  27.8  12:00p  17.6   6:25a   0.0   0.4   2.1   1.1  25.9   9:00a   WSW
22  20.6  25.8   2:16p  16.5   5:05a   0.4   0.2   0.0   1.9  24.6  10:20a   WSW
23  21.1  28.2   2:15p  16.3   5:55a   0.4   0.8   0.0   1.8  29.8  10:35a   WSW
24  21.4  28.3   1:15p  15.7   6:35a   0.5   0.9   0.0   1.9  38.9  10:30a   WSW
----------------------------------------------------------------------------------
    22.7  33.1    15    15.7    24     1.9  24.2  35.7   1.5  55.7    11     WSW

Max >=  30.0:  5
Max <=  25.0:  2
Min <=  10.0:  0
Min <=   5.0:  0
Max Rain: 9.3 on day 4
Days of Rain: 11 (>= 0.5 mm)  5 (>= 2.0 mm)  0 (>= 20.0 mm)
Heat Base: 18.0  Cool Base: 24.0  Method: Integration
:now::gauges::today/yesterday::this month/year::records::monthly records::recent trends::reports::about::::manual monthly data::manual records:forum::


Page updated 25/04/2018 10:15:00 AM
powered by Cumulus v1.9.4 (1099)

View Stats