Ferny Grove weather

Approx. Latitude S 27 23' 52"   Longitude E 152  55'  35"  Elevation 76 m

:now::gauges::today/yesterday::this month/year::records::monthly records::recent trends::reports::about::::manual monthly data::manual records:forum::

This page shows monthly and annual NOAA style reports since recordings using the Cumulus software started in October 2011.

NOAA-style Climate Reports NOAA style reports
Select a Year or Month report

Report for 2019 Jan
                   Monthly Climatological Summary for Jan 2019

Name: Ferny Grove   City: Brisbane   State: Queensland
Elevation: 76 m  Lat: S 27° 23' 52"   Lon: E 152° 55' 35"

                  Temperature (°C), Rain (mm), Wind Speed (km/h)

                                      Heat  Cool        Avg
    Mean                              Deg   Deg         Wind                 Dom
Day Temp  High   Time   Low    Time   Days  Days  Rain  Speed High   Time    Dir
----------------------------------------------------------------------------------
 1  25.3  32.1   1:32p  19.5   5:25a   0.0   2.5   0.0   4.3  25.0   2:33p   ENE
 2  25.0  31.8  12:40p  18.7   5:00a   0.0   2.4   0.0   4.1  25.0   4:48p   ENE
 3  24.2  29.3   2:32p  19.9   3:30a   0.0   1.3   2.2   4.1  25.0   5:31p   ENE
 4  25.6  30.6   2:30p  21.7   3:28a   0.0   2.1   3.2   4.3  25.0   2:41a     E
 5  25.7  31.3  12:53p  19.9   4:56a   0.0   2.4   0.0   4.0  23.0   8:51a   ENE
 6  26.1  30.7  11:14a  22.2   2:23a   0.0   2.4   0.0   4.1  25.0  12:27p     E
 7  25.4  30.0  11:30a  22.4   5:26a   0.0   1.6   0.8   5.2  37.0  12:07p    SE
 8  26.0  30.1  11:10a  22.9   6:44a   0.0   2.0   0.0   5.4  28.0  11:31a     E
 9  24.6  28.6  12:50p  21.9   5:27a   0.0   1.1   1.6   4.0  19.0  12:30p   NNE
10  25.6  31.1   2:15p  21.6  11:51p   0.0   2.2   0.2   3.1  22.0   4:18p   ENE
11  25.3  30.8  12:15p  20.1   3:16a   0.0   2.3   0.0   4.4  29.0   1:15p    SE
12  25.0  31.7   2:38p  19.2   4:13a   0.0   2.4   0.0   4.1  23.0   3:45p    SE
13  25.5  31.6  11:58a  19.8   1:35a   0.0   2.6   0.0   5.8  31.0   1:09p    SE
14  25.9  31.7   1:10p  20.7   5:13a   0.0   2.6   0.0   6.0  23.0   8:35a    SE
15  25.7  32.7   1:25p  19.9   4:38a   0.0   2.7   0.0   4.5  23.0   1:35p   ENE
16  26.8  33.7  12:00p  21.9   1:15a   0.0   3.2   0.0   6.3  29.0   1:40p    NE
17  25.7  32.5   1:40p  20.7   5:18a   0.0   2.4   0.0   4.8  28.0   4:22p   ENE
18  25.4  32.4   1:20p  18.5   5:11a   0.0   2.8   0.0   5.2  28.0   2:23p   ENE
19  25.9  34.3   1:17p  19.2   5:23a   0.0   2.9   0.0   4.8  25.0  12:48p    NE
20  26.0  32.7  12:12p  19.7   5:05a   0.0   3.0   0.0   4.0  23.0   3:26p     E
21  26.3  32.3   1:35p  20.8   5:15a   0.0   2.9   0.0   4.1  23.0   2:10p   ESE
----------------------------------------------------------------------------------
    25.6  34.3    19    18.5    18     0.0  49.8   8.0   4.6  37.0     7       E

Max >=  30.0: 19
Max <=  25.0:  0
Min <=  10.0:  0
Min <=   5.0:  0
Max Rain: 3.2 on day 4
Days of Rain: 4 (>= 0.5 mm)  2 (>= 2.0 mm)  0 (>= 20.0 mm)
Heat Base: 18.0  Cool Base: 24.0  Method: Integration
:now::gauges::today/yesterday::this month/year::records::monthly records::recent trends::reports::about::::manual monthly data::manual records:forum::


Page updated 22/01/2019 10:30:01 PM
powered by Cumulus v1.9.4 (1099)

View Stats