Ferny Grove weather

Approx. Latitude S 27 23' 52"   Longitude E 152  55'  35"  Elevation 76 m

This page shows monthly and annual NOAA style reports since recordings using the Cumulus software started in October 2011.

NOAA-style Climate Reports NOAA style reports
Select a Year or Month report
2018 > Jan Feb Mar Apr May Jun Jul Aug Sep Oct Nov Dec
2017 > Jan Feb Mar Apr May Jun Jul Aug Sep Oct Nov Dec
2016 > Jan Feb Mar Apr May Jun Jul Aug Sep Oct Nov Dec
2015 > Jan Feb Mar Apr May Jun Jul Aug Sep Oct Nov Dec
2014 > Jan Feb Mar Apr May Jun Jul Aug Sep Oct Nov Dec
2013 > Jan Feb Mar Apr May Jun Jul Aug Sep Oct Nov Dec
2012 > Jan Feb Mar Apr May Jun Jul Aug Sep Oct Nov Dec
2011 > Jan Feb Mar Apr May Jun Jul Aug Sep Oct Nov Dec

Report for 2018 Jan
                   Monthly Climatological Summary for Jan 2018

Name: Ferny Grove   City: Brisbane   State: Queensland
Elevation: 76 m  Lat: S 27° 23' 52"   Lon: E 152° 55' 35"

                  Temperature (°C), Rain (mm), Wind Speed (km/h)

                                      Heat  Cool        Avg
    Mean                              Deg   Deg         Wind                 Dom
Day Temp  High   Time   Low    Time   Days  Days  Rain  Speed High   Time    Dir
----------------------------------------------------------------------------------
 1  27.4  32.8   3:13p  24.6   4:46a   0.0   3.4  15.5   0.7  18.1   4:35p   WSW
 2  25.9  30.2   2:06p  23.5   4:39a   0.0   2.0   8.8   0.8  28.5   7:06p   WSW
 3  26.4  32.5  12:15p  21.8   5:12a   0.0   2.9   0.0   1.5  24.6  10:20a   WSW
 4  26.1  30.1  11:58a  21.4   5:30a   0.0   2.5   0.0   1.2  20.7  10:21a   WSW
 5  26.7  30.1  12:52p  23.7   5:03a   0.0   2.8   0.0   0.7  23.3  10:54a   WSW
 6  27.2  32.0  12:55p  22.4   5:13a   0.0   3.9   0.0   1.1  44.1  12:59p   WSW
 7  26.9  32.8   1:07p  21.3   4:50a   0.0   3.4   0.0   1.4  24.6   1:17p   WSW
 8  27.3  33.6   1:33p  21.6   5:08a   0.0   3.7   0.0   2.2  48.0   4:28p   WSW
 9  27.6  33.7   1:30p  22.6   5:36a   0.0   3.8   0.0   2.2  36.3   5:55p   WSW
10  27.9  33.9   2:40p  22.2   5:16a   0.0   4.2   0.0   1.8  44.1   3:20p   WSW
11  28.1  33.5   1:15p  23.4   5:19a   0.0   4.2   0.0   1.0  32.4  10:35a   WSW
12  28.2  33.3   2:56p  23.6   5:15a   0.0   4.2   0.0   1.6  41.5   4:42p   WSW
13  30.4  38.0   1:45p  23.9   5:46a   0.0   6.4   0.0   1.6  24.6   4:55p   WSW
14  30.3  37.8   1:30p  24.2  11:53p   0.0   6.3   0.0   4.9  48.0   3:15p   WSW
15  25.4  32.1   1:35p  19.4   5:33a   0.0   2.4   0.0   3.1  55.7   5:40p   WSW
16  25.2  32.3   3:33p  18.2   5:40a   0.0   2.7   0.0   4.9  50.5  10:53a   WSW
17  25.4  31.9   1:07p  19.0   5:42a   0.0   2.5   0.0   1.8  38.9   3:35p   WSW
18  26.1  32.3   1:45p  20.1   5:41a   0.0   2.9   0.0   1.4  38.9  12:45p   WSW
19  26.0  33.2  12:35p  18.6   5:29a   0.0   3.3   0.0   1.2  40.2   1:30p   WSW
20  26.7  33.6   1:33p  19.9   5:40a   0.0   3.6   0.0   2.0  36.3   3:41p   WSW
----------------------------------------------------------------------------------
    27.1  38.0    13    18.2    16     0.0  71.1  24.3   1.9  55.7    15     WSW

Max >=  30.0: 20
Max <=  25.0:  0
Min <=  10.0:  0
Min <=   5.0:  0
Max Rain: 15.5 on day 1
Days of Rain: 2 (>= 0.5 mm)  2 (>= 2.0 mm)  0 (>= 20.0 mm)
Heat Base: 18.0  Cool Base: 24.0  Method: Integration
:now::gauges::today/yesterday::this month/year::records::monthly records::recent trends::reports::about::::manual monthly data::manual records:forum::


Page updated 21/01/2018 12:00:03 AM
powered by Cumulus v1.9.4 (1099)

View Stats